. What is the tens digit of t?
6
Suppose -8 = -q + 4*f - 23, 0 = -4*f + 8. What is the units digit of (q/(-4))/((-2)/(-16))?
4
Suppose m - 2*m = -5. Let j = -3 + m. Let n(r) = r**3 - r**2 + 2*r - 1. What is the units digit of n(j)?
7
Let j be (-20)/6*(-12)/8. Let d be 4/6*(-1 - -7). Suppose 0 = -d*b - 2*h - 0*h + 30, h = j. What is the units digit of b?
5
Let i(l) = -l**3 + l**2 + 2*l + 3. What is the tens digit of i(-4)?
7
Let r(s) = -s**2 + s - 1. Let v(c) = -c**3 - 10*c**2 + 6*c - 8. Let p(h) = -3*r(h) + v(h). What is the tens digit of p(-8)?
3
Suppose -12 = -3*h, -5*d + 3*h + 316 = 2*h. Suppose 3*p - d = -16. What is the units digit of p?
6
Let u(m) = 24*m - 3. What is the units digit of u(1)?
1
Let s = -74 + 108. What is the units digit of s?
4
Let v be 46/(-10) - (-15)/25. Let m be v - -2 - (0 - 13). Let s = m + 1. What is the units digit of s?
2
Suppose a - 2*b = -45 + 1, 6 = -2*b. Let n = a - -71. What is the tens digit of n?
2
Let m = 2 - -4. Suppose 4*p - 12 = -h, 0 = 5*h + 2*p - m. What is the units digit of h + 1 + 0 + 5?
6
Suppose -4*l = 5*s - 28 - 8, 0 = 3*s. Let n = 19 - l. What is the tens digit of n?
1
Suppose 5*z - 87 - 228 = 0. What is the units digit of z?
3
Let h(w) = w**2 - 5. What is the tens digit of h(10)?
9
Let k(i) = -2*i. Let d be k(-1). Suppose -5*p = 2*l - 29, -2*l + 38 = d*p + 12. Suppose -18 - l = -5*f. What is the units digit of f?
6
Suppose 4*m = -m + 385. What is the tens digit of m?
7
Let y(c) = c**3 - c**2 + c + 22. Let g be y(0). Suppose 0 = f - 0 - g. What is the tens digit of f?
2
Suppose -3*f - 25 + 7 = 0. Let s be 5*(-9)/f*2. Suppose l + 78 = 4*d + s, -51 = -3*d + 2*l. What is the units digit of d?
5
Suppose m = 8 + 3. What is the units digit of m?
1
Suppose -55 = -5*q + 3*h, -4*q - 5*h + 3*h + 44 = 0. What is the units digit of q?
1
Let d(h) = 3*h**2 + 4*h + 1. What is the units digit of d(3)?
0
Suppose 0*c + 3*c = 5*h - 89, 0 = -4*h + 5*c + 66. Let q = 40 - h. What is the tens digit of q?
2
Suppose o - x - 9 = 0, o - 5*x = -9 + 2. What is the tens digit of o?
1
Let r(d) be the third derivative of d**5/60 + 3*d**4/8 + 5*d**3/3 - 3*d**2. What is the units digit of r(-9)?
0
Let b = 1 + 3. Let a(q) = -1 + 1 - 5*q**2 + 7*q + q**3 - 6. What is the units digit of a(b)?
6
Suppose 4*h + b = -2*b - 40, 4*h - 5*b + 72 = 0. Let m = 60 + h. What is the units digit of m?
7
Let m(r) be the second derivative of r**5/20 + 5*r**4/12 - r**3/2 + 2*r. What is the units digit of m(-5)?
5
What is the hundreds digit of (-2040)/(-20) + 0/(-2)?
1
Suppose -u + 36 = -3*n + 6*n, 0 = 3*u - 9. Suppose -4*j + 84 = 4*i, 4*i + 78 + 36 = 5*j. Suppose q - 3*v - j = v, 3*q - n = v. What is the units digit of q?
2
Let m(g) = 6*g**3 - g - 6. What is the units digit of m(4)?
4
Let n(a) be the first derivative of 55*a**2/2 + 2. Let p be n(1). What is the units digit of (-2)/11 + 230/p?
4
Suppose 2*y - 40 = -3*y. Suppose 0 = u + 3*u - y. What is the tens digit of 11 + -6*(-1)/u?
1
Let i(j) = -j**2 + 2*j + 3. Let s be i(4). Let x be 2/s - 17/(-5). Let l(w) = 2*w + 1. What is the units digit of l(x)?
7
Suppose 0*z + 5*z - 70 = 0. Suppose -44 = 10*v - z*v. What is the tens digit of v?
1
Let f be (0 - 0)*(-3)/6. Let y be 0/(f + 1/(-1)). Suppose 2*t + 4 = 4*u, 3*t + y*t + u - 8 = 0. What is the units digit of t?
2
Suppose 2*w - 26 = r + 4*r, 0 = 2*r + 8. Suppose 173 = w*b + 11. Let o = b - 33. What is the units digit of o?
1
Suppose 2*p + 10 = -0*p. What is the units digit of 0 - (p - 0) - 1?
4
Suppose -7*d = -4*d - 3. Suppose 0 = 4*w - 3*w + 2*u - 5, 4*w + 4*u - 32 = 0. Let l = w + d. What is the units digit of l?
2
Let a = -5 - -10. Let t(p) = p + 1. Let v be t(a). Let z = 2 + v. What is the units digit of z?
8
Let b(y) = 3*y - 2. Let n be b(-2). Let x be (0 - 5)*n/5. Suppose -x = 3*i - 5*i. What is the units digit of i?
4
Suppose 3*f = 3*s - 126, 2*s + 192 = 6*s + 4*f. What is the units digit of (2/6)/(3/s)?
5
Let g(q) = 4*q**2 - 2*q - 5. Let d be g(4). Suppose 3*h = 6*u - 2*u + 20, 2*u + 10 = 0. Suppose h*w - d = -3*w. What is the tens digit of w?
1
Suppose -2*h - 2*h - q + 29 = 0, h + q - 11 = 0. Suppose h*u - 3*u = 0. Suppose u = -5*i + 112 - 12. What is the tens digit of i?
2
What is the tens digit of 2/(-9) - (-2900)/90?
3
Let x = -130 - -183. Suppose 5*f + x = 203. Suppose -4*m + f = -m. What is the units digit of m?
0
Let u(y) = -y**2 + 4*y + 3. Suppose 3 = -p - 0. Let j = 6 + p. What is the units digit of u(j)?
6
Suppose 0 = 2*i - 3*w - 61, -3*i + 92 = -5*w - 0*w. Suppose 2*v + 0*h + 39 = -h, 4*v + 69 = -5*h. Let g = i + v. What is the units digit of g?
8
Let s = 14 - 9. What is the units digit of s?
5
Suppose 3*j = j + 56. What is the tens digit of j?
2
Let v be 2/(-3 - -1)*3. Let t = 6 + v. Suppose -t*i = -i - 22. What is the units digit of i?
1
Let i = 149 + -77. What is the tens digit of i?
7
Let y(n) = -7*n - 13. What is the units digit of y(-8)?
3
What is the units digit of (44/(-8))/((-2)/4)?
1
Suppose 4*y - 3*p - 297 + 4 = 0, 4*y - p - 295 = 0. What is the units digit of y?
4
Suppose 6 = -2*l, -q - 2*l = q - 6. What is the units digit of q?
6
Let z(t) = -3 + 4*t - 2 + 3. What is the tens digit of z(3)?
1
Suppose 2*x - 3 - 3 = 0. Suppose -5*f + 18 - 8 = 0. Suppose -3*v + f*v - 15 = -x*r, r - 18 = -4*v. What is the units digit of r?
6
Let x be (-3)/(-12) - (-454)/8. Suppose 0 = -5*h + x - 17. What is the units digit of h?
8
Let j be (69/4)/((-2)/8). Let u be 3/2 + j/(-6). Let v = u - 2. What is the units digit of v?
1
What is the tens digit of 15/(52/40 + -1)?
5
Suppose -9*d = -14*d + 100. What is the tens digit of d?
2
Suppose 0 = -4*z - 0*z + 28. Let g(m) = m**2 - 4*m - 9. Let r be g(z). Suppose 5*q = r + 3. What is the units digit of q?
3
Suppose -374 = 5*g - 27*g. What is the tens digit of g?
1
Suppose -t - 4*t = 135. Let z = t + 39. What is the tens digit of z?
1
Suppose -2*s + 5*m + 37 = 0, 3*s + 3*m - 103 = m. Let t = s + -17. What is the units digit of t?
4
Let z(p) = 31*p - 47. What is the hundreds digit of z(7)?
1
Let r = 38 + -5. Suppose u + r = -33. What is the units digit of u/(-4)*(-8)/(-12)?
1
Let b(y) = 7*y**2 + y + 2. What is the tens digit of b(-2)?
2
Let g = 37 - 22. What is the tens digit of g?
1
Suppose -6*c - 24 = -4*c. Let r = -11 - c. What is the units digit of r?
1
Suppose -5*b = 4*r - 259, 4*b - 4*r = 224 + 12. What is the tens digit of b?
5
Suppose -4*n - 33 = -249. Suppose 5*d - n = 2*d. What is the tens digit of d?
1
Let j = -52 - -76. Suppose -r = r - j. What is the units digit of r?
2
Suppose -4*o + 81 = -79. What is the tens digit of o?
4
Let o be 2/6 + 320/12. Suppose 5*w - o = 58. What is the units digit of w?
7
Let w = -10 + 14. What is the units digit of w?
4
What is the tens digit of (4*-5)/(10/(-20))?
4
Let j(p) = p**3 + 3*p**2 - 5*p - 1. Suppose -55 = -7*c + 2*c. Let u = c + -15. What is the units digit of j(u)?
3
Let f(j) = 5 - j + 29*j**3 - 27*j**3 + 17. What is the units digit of f(0)?
2
Suppose 0 = -5*s + 2*p + 60, 0 = -5*s - 3*p + 86 - 1. What is the tens digit of s?
1
Let x be (-2 + 4)/(-1 - 1). Let g be 0/x + 26 + 1. Suppose 0*l + 3*l - g = 0. What is the units digit of l?
9
Suppose -6*j + 25 = -j, 0 = -3*i + 3*j + 51. What is the tens digit of i?
2
What is the units digit of 18/(-6)*(-1)/(9/834)?
8
Suppose 0 = 3*a + 4*w - 29, 2*a - 5*a = w - 32. What is the units digit of a?
1
Let d = 6 + 0. What is the tens digit of 2/3 - (-236)/d?
4
Suppose 3*v - 4 - 5 = 0. Suppose -98 - 49 = -v*s. What is the units digit of s?
9
Suppose 2*k - 2 = w, 0 = 4*w - 5 - 3. What is the units digit of k?
2
Let n be ((-46)/4)/(2/(-4)). Suppose 57 = -2*v + 5*x, 4*v + 3*x = v - 33. Let z = v + n. What is the units digit of z?
7
Let k = -3 + 5. Let t be (-6)/(-33) - k/11. Suppose t = -i + 1 + 10. What is the tens digit of i?
1
Let c = -10 + 29. What is the tens digit of c?
1
Let d(j) = j + 16. What is the units digit of d(-12)?
4
Let z be 1 + 8/(3 - 1). Let i = z + -6. Let y = 0 - i. What is the units digit of y?
1
Suppose 5*h = -2*g + 65, 4*h - 7 = 4*g + 73. Let r be (-4)/26 + (-15)/(-13). Let l = h + r. What is the tens digit of l?
1
Suppose -c - 1 = 2*b - 2, -5*b - 3*c = 0. Suppose b*h - 15 + 0 = 0. Suppose 0 = h*r + 5*l - 0 - 35, 0 = -5*r - 2*l + 20. What is the units digit of r?
2
Let c = -6 - -20. W